 3105259
List the prime factors of 8461271395.
5, 23, 257, 286289
What are the prime factors of 25786259?
25786259
What are the prime factors of 59997257?
59997257
What are the prime factors of 32701018?
2, 7, 991, 2357
What are the prime factors of 320375986?
2, 7, 19, 1204421
List the prime factors of 1487587131.
3, 67, 2466977
What are the prime factors of 376769238?
2, 3, 181, 346933
What are the prime factors of 1117490760?
2, 3, 5, 401, 7741
List the prime factors of 108780217.
7, 13, 1195387
What are the prime factors of 3837639723?
3, 23, 47, 317, 3733
What are the prime factors of 1349878125?
3, 5, 137, 1051
What are the prime factors of 1230637226?
2, 7, 13, 1063, 6361
List the prime factors of 286270160.
2, 5, 11, 325307
List the prime factors of 1303578691.
1303578691
List the prime factors of 3176734235.
5, 107, 223, 26627
List the prime factors of 2833914410.
2, 5, 19, 23, 67, 9679
What are the prime factors of 438445446?
2, 3, 73, 1001017
What are the prime factors of 76391287?
7, 10913041
List the prime factors of 355492486.
2, 67, 83, 31963
What are the prime factors of 430737998?
2, 215368999
List the prime factors of 470038669.
3137, 149837
List the prime factors of 796535.
5, 17, 9371
List the prime factors of 874532609.
3407, 256687
What are the prime factors of 324737400?
2, 3, 5, 13, 17, 31, 79
List the prime factors of 69659284.
2, 109, 159769
List the prime factors of 4256390672.
2, 23, 11566279
List the prime factors of 1239013958.
2, 7, 13, 17, 400457
What are the prime factors of 7153869?
3, 2384623
What are the prime factors of 66434054?
2, 31, 43, 24919
What are the prime factors of 317764039?
47, 6760937
List the prime factors of 77476670.
2, 5, 199, 38933
List the prime factors of 96912816.
2, 3, 7, 11, 13, 2017
What are the prime factors of 590168568?
2, 3, 11, 53, 42179
List the prime factors of 126625169.
11, 191, 5479
What are the prime factors of 467343882?
2, 3, 25963549
List the prime factors of 263522281.
11, 23956571
List the prime factors of 1904636605.
5, 37, 1229, 8377
List the prime factors of 104253271.
73, 1428127
List the prime factors of 1309857134.
2, 16529, 39623
List the prime factors of 20340552.
2, 3, 53, 15991
What are the prime factors of 217541752?
2, 73, 137, 2719
What are the prime factors of 508042734?
2, 3, 3917, 21617
List the prime factors of 71252811.
3, 7, 53857
What are the prime factors of 24327445?
5, 23, 211543
What are the prime factors of 2296869279?
3, 765623093
List the prime factors of 12589052.
2, 7, 449609
List the prime factors of 57938322.
2, 3, 13, 191, 3889
List the prime factors of 48296708.
2, 19, 635483
What are the prime factors of 469422332?
2, 293, 1367
What are the prime factors of 339885547?
19, 283, 63211
List the prime factors of 7042783246.
2, 3521391623
List the prime factors of 42591444.
2, 3, 7, 271, 1871
List the prime factors of 861794197.
11, 5653, 13859
What are the prime factors of 7377352971?
3, 23, 641, 166799
List the prime factors of 3867723.
3, 143249
List the prime factors of 32637412.
2, 29, 281357
What are the prime factors of 28783135?
5, 5756627
List the prime factors of 1428250166.
2, 7, 31, 113, 29123
What are the prime factors of 336248139?
3, 59, 1899707
List the prime factors of 780203112.
2, 3, 13, 2500651
What are the prime factors of 1658224405?
5, 499, 664619
What are the prime factors of 102265964?
2, 25566491
List the prime factors of 740421601.
43, 379, 45433
List the prime factors of 11885585.
5, 2377117
List the prime factors of 111517817.
1301, 85717
What are the prime factors of 160928543?
160928543
List the prime factors of 552795494.
2, 17, 139, 116969
List the prime factors of 2248840113.
3, 13, 271, 212777
List the prime factors of 62976264.
2, 3, 13, 201847
What are the prime factors of 19358601?
3, 31, 41, 5077
What are the prime factors of 5556666195?
3, 5, 73, 1691527
What are the prime factors of 96213808?
2, 181, 33223
List the prime factors of 22660634.
2, 11330317
List the prime factors of 1035484204.
2, 43, 6020257
List the prime factors of 467203514.
2, 29, 37, 43, 61, 83
What are the prime factors of 872289855?
3, 5, 19384219
What are the prime factors of 371929680?
2, 3, 5, 433, 1193
What are the prime factors of 2957371?
17, 41, 4243
What are the prime factors of 172713997?
61, 2831377
What are the prime factors of 227850819?
3, 7, 10850039
What are the prime factors of 47630282?
2, 7, 983, 3461
List the prime factors of 1846499239.
13, 10926031
List the prime factors of 52507703.
3847, 13649
List the prime factors of 345454733.
13, 23, 43, 97, 277
What are the prime factors of 2422166977?
2422166977
What are the prime factors of 688317481?
23, 29926847
List the prime factors of 3634069829.
13, 31, 9017543
List the prime factors of 318046266.
2, 3, 41, 430957
List the prime factors of 1259718939.
3, 2801, 16657
What are the prime factors of 598820614?
2, 7, 17, 31, 81163
List the prime factors of 37177456.
2, 43, 54037
List the prime factors of 693117210.
2, 3, 5, 23103907
List the prime factors of 48202555.
5, 659, 14629
What are the prime factors of 3443585536?
2, 19, 53, 6679
What are the prime factors of 3976705765?
5, 29, 1861, 14737
What are the prime factors of 706738642?
2, 29, 1423, 8563
List the prime factors of 450384990.
2, 3, 5, 11, 53, 2341
What are the prime factors of 1208246015?
5, 17, 41, 346699
What are the prime factors of 283136304?
2, 3, 11, 536243
List the prime factors of 118529169.
3, 11, 3591793
What are the prime factors of 28412100?
2, 3, 5, 17, 619
What are the prime factors of 1609575606?
2, 3, 17, 5260051
What are the prime factors of 486974950?
2, 5, 7, 11, 126487
List the prime factors of 877741387.
23, 38162669
List the prime factors of 1041469004.
2, 769, 338579
What are the prime factors of 5329116306?
2, 3, 9547, 10337
List the prime factors of 349733368.
2, 2251, 19421
List the prime factors of 278881147.
278881147
What are the prime factors of 83530045?
5, 47, 61, 5827
List the prime factors of 7976597.
1327, 6011
List the prime factors of 525560370.
2, 3, 5, 1483, 11813
List the prime factors of 33180361.
59, 739, 761
List the prime factors of 296352100.
2, 5, 11, 41, 6571
What are the prime factors of 1151286442?
2, 71, 8107651
List the prime factors of 3561521726.
2, 7, 17, 29, 47, 10979
What are the prime factors of 1321369751?
13, 199, 510773
What are the prime factors of 83995956?
2, 3, 11, 47, 4513
List the prime factors of 3273424426.
2, 17, 6793, 14173
List the prime factors of 1430274504.
2, 3, 23, 41, 63197
What are the prime factors of 49804674?
2, 3, 1693, 4903
What are the prime factors of 165637007?
23, 41, 175649
List the prime factors of 3429300501.
3, 11, 61, 269, 2111
What are the prime factors of 117639480?
2, 3, 5, 7, 23, 6089
List the prime factors of 622149643.
443, 947, 1483
What are the prime factors of 3514965766?
2, 13, 1187, 8761
List the prime factors of 3039169080.
2, 3, 5, 97, 191, 1367
What are the prime factors of 62633083?
17, 3684299
List the prime factors of 1040702489.
2677, 388757
List the prime factors of 105694707.
3, 107, 329267
List the prime factors of 799425013.
20929, 38197
List the prime factors of 2217029835.
3, 5, 107, 1381327
What are the prime factors of 480350957?
41, 127, 92251
List the prime factors of 782544194.
2, 3637, 107581
List the prime factors of 6392665284.
2, 3, 1607, 331501
List the prime factors of 1806962442.
2, 3, 3793, 79399
List the prime factors of 642076443.
3, 19, 29, 43159
List the prime factors of 243513031.
71, 3429761
List the prime factors of 286426736.
2, 29, 139, 4441
What are the prime factors of 22575415?
5, 4515083
List the prime factors of 299478784.
2, 11, 106349
What are the prime factors of 1404160194?
2, 3, 234026699
List the prime factors of 79333687.
263, 301649
List the prime factors of 411633407.
31, 13278497
What are the prime factors of 88977877?
797, 111641
List the prime factors of 189911023.
19, 23, 79, 5501
What are the prime factors of 4784092547?
13, 18773, 19603
What are the prime factors of 703336350?
2, 3, 5, 4688909
List the prime factors of 211462488.
2, 3, 101, 359
What are the prime factors of 2673220002?
2, 3, 67, 6649801
List the prime factors of 10336198